2
What is the highest common factor of 6674 and 564?
94
Calculate the greatest common divisor of 1751 and 3708.
103
What is the highest common divisor of 28 and 8?
4
What is the greatest common factor of 86 and 129?
43
What is the greatest common divisor of 3007 and 485?
97
What is the greatest common divisor of 296 and 20?
4
Calculate the highest common factor of 3056 and 16.
16
Calculate the greatest common divisor of 20 and 5710.
10
What is the greatest common divisor of 146 and 8?
2
Calculate the highest common divisor of 1450 and 87.
29
What is the greatest common factor of 96 and 408?
24
What is the greatest common factor of 77 and 35959?
77
Calculate the greatest common divisor of 100 and 50.
50
What is the greatest common divisor of 2 and 62?
2
What is the highest common divisor of 54 and 1422?
18
What is the greatest common divisor of 74 and 296?
74
What is the greatest common divisor of 1199 and 44?
11
Calculate the highest common divisor of 644 and 3772.
92
Calculate the greatest common factor of 2291 and 79.
79
Calculate the greatest common factor of 35 and 20545.
35
What is the greatest common factor of 126 and 114?
6
Calculate the greatest common divisor of 1626 and 18.
6
Calculate the highest common divisor of 765 and 850.
85
Calculate the greatest common divisor of 2547 and 3962.
283
Calculate the greatest common factor of 594 and 22.
22
Calculate the greatest common divisor of 8 and 16.
8
What is the greatest common divisor of 28 and 18158?
14
Calculate the highest common divisor of 874 and 46.
46
Calculate the greatest common factor of 79 and 1501.
79
What is the greatest common factor of 2754 and 1666?
34
Calculate the greatest common divisor of 1400 and 40.
40
Calculate the highest common factor of 176 and 440.
88
What is the highest common factor of 171 and 285?
57
What is the greatest common divisor of 180 and 20?
20
What is the greatest common divisor of 16 and 2912?
16
What is the greatest common factor of 154 and 6874?
14
What is the greatest common factor of 32 and 416?
32
Calculate the greatest common factor of 1443 and 111.
111
What is the highest common divisor of 77 and 121?
11
What is the greatest common factor of 153 and 9?
9
Calculate the greatest common divisor of 5010 and 20.
10
What is the highest common divisor of 950 and 38?
38
What is the greatest common factor of 1275 and 17?
17
Calculate the greatest common factor of 270 and 216.
54
What is the greatest common divisor of 1952 and 24?
8
Calculate the greatest common divisor of 60 and 4980.
60
What is the highest common divisor of 34 and 102?
34
What is the greatest common divisor of 3737 and 74?
37
What is the greatest common divisor of 5052 and 12?
12
Calculate the highest common factor of 4 and 9.
1
Calculate the greatest common factor of 10 and 32.
2
What is the highest common divisor of 2504 and 8?
8
Calculate the highest common factor of 5543 and 23.
23
Calculate the greatest common factor of 117 and 279.
9
What is the highest common factor of 28 and 49?
7
What is the highest common divisor of 30 and 75?
15
Calculate the highest common divisor of 31744 and 31.
31
Calculate the highest common factor of 4625 and 370.
185
What is the highest common divisor of 2464 and 56?
56
What is the highest common divisor of 4460 and 20?
20
What is the greatest common factor of 187 and 11?
11
What is the greatest common factor of 170 and 7820?
170
What is the greatest common factor of 22 and 44?
22
Calculate the greatest common divisor of 292 and 1825.
73
What is the greatest common divisor of 95 and 57?
19
Calculate the greatest common divisor of 69 and 141.
3
Calculate the greatest common factor of 170 and 80.
10
What is the greatest common divisor of 5580 and 30?
30
Calculate the greatest common divisor of 2676 and 8.
4
What is the greatest common factor of 287 and 98?
7
Calculate the highest common factor of 11 and 45364.
11
Calculate the greatest common divisor of 286 and 13.
13
Calculate the highest common divisor of 800 and 100.
100
Calculate the highest common factor of 76 and 722.
38
Calculate the greatest common factor of 377 and 91.
13
What is the highest common factor of 22 and 473?
11
What is the highest common divisor of 201 and 33768?
201
What is the greatest common divisor of 34 and 8?
2
What is the greatest common divisor of 602 and 1978?
86
Calculate the greatest common factor of 136 and 472.
8
Calculate the greatest common divisor of 3 and 159.
3
Calculate the highest common factor of 3056 and 16.
16
What is the greatest common factor of 3472 and 112?
112
Calculate the highest common factor of 12 and 5484.
12
Calculate the greatest common divisor of 910 and 448.
14
What is the greatest common divisor of 13 and 221?
13
Calculate the highest common divisor of 119 and 153.
17
Calculate the highest common factor of 71 and 2272.
71
What is the highest common divisor of 12 and 66?
6
What is the highest common factor of 462 and 110?
22
Calculate the greatest common factor of 249 and 2407.
83
What is the highest common factor of 2665 and 26?
13
Calculate the greatest common factor of 21 and 2037.
21
Calculate the greatest common divisor of 1 and 8.
1
What is the highest common divisor of 12 and 19?
1
What is the highest common factor of 145 and 730?
5
Calculate the highest common factor of 27774 and 36.
18
Calculate the highest common factor of 99 and 1089.
99
What is the greatest common divisor of 663 and 234?
39
What is the greatest common factor of 552 and 6164?
92
What is the greatest common divisor of 12 and 64?
4
What is the highest common divisor of 91 and 602?
7
Calculate the highest common divisor of 10 and 1970.
10
What is the greatest common divisor of 1377 and 17?
17
What is the highest common divisor of 1786 and 38?
38
Calculate the highest common factor of 78909 and 87.
87
What is the highest common divisor of 12 and 324?
12
What is the greatest common factor of 891 and 99?
99
Calculate the greatest common divisor of 38 and 1216.
38
Calculate the greatest common divisor of 81 and 7020.
27
Calculate the greatest common divisor of 2670 and 20.
10
What is the greatest common factor of 6784 and 640?
128
What is the greatest common factor of 784 and 112?
112
Calculate the highest common divisor of 426 and 2414.
142
Calculate the greatest common factor of 32 and 800.
32
What is the greatest common divisor of 6116 and 44?
44
Calculate the greatest common divisor of 151 and 6795.
151
What is the greatest common factor of 3842 and 452?
226
Calculate the greatest common divisor of 440 and 264.
88
Calculate the greatest common divisor of 658 and 70.
14
What is the greatest common divisor of 87 and 13833?
87
What is the greatest common factor of 814 and 44?
22
What is the greatest common divisor of 50 and 20?
10
Calculate the greatest common divisor of 14 and 7574.
14
Calculate the greatest common factor of 117 and 143.
13
What is the greatest common factor of 125 and 5875?
125
What is the greatest common divisor of 126 and 2303?
7
What is the highest common divisor of 79 and 1185?
79
Calculate the greatest common factor of 363 and 297.
33
What is the highest common factor of 280 and 40?
40
What is the highest common divisor of 50 and 25?
25
What is the greatest common divisor of 819 and 45?
9
What is the greatest common factor of 78 and 12?
6
What is the highest common factor of 40 and 29020?
20
Calculate the highest common divisor of 247 and 1102.
19
Calculate the greatest common factor of 440 and 20.
20
Calculate the highest common factor of 3154 and 38.
38
Calculate the highest common divisor of 30 and 15.
15
Calculate the greatest common divisor of 12 and 1212.
12
Calculate the highest common factor of 7334 and 38.
38
What is the highest common divisor of 792 and 891?
99
Calculate the highest common factor of 229 and 1.
1
Calculate the greatest common factor of 252 and 112.
28
Calculate the highest common divisor of 237 and 316.
79
What is the highest common factor of 519 and 3?
3
What is the highest common divisor of 847 and 14?
7
Calculate the highest common factor of 484 and 110.
22
Calculate the highest common divisor of 3100 and 93.
31
What is the greatest common divisor of 96 and 312?
24
Calculate the highest common factor of 52 and 296